/((-2)/(-183)) is divided by 16.
13
Let k = 44 + -21. Let i be 30/(-9)*(-438)/4. Suppose -4*f - 3*t + 362 = 0, -3*t + i = 3*f + 92. What is the remainder when f is divided by k?
20
Let w = 333 + -320. Calculate the remainder when 128 is divided by w.
11
Suppose 18 = 4*b - 11*h + 13*h, -4*b + 4*h - 24 = 0. Let k = -4 + 6. What is the remainder when k is divided by b?
0
Let s(i) = 37*i - 81. What is the remainder when 135 is divided by s(3)?
15
Let h(t) = -3*t + 22. Let k be h(8). Let r be 7 - (4 + k + -1). Suppose 4*s = r + 58. Calculate the remainder when s is divided by 6.
4
Let h(o) = 12*o**2 + 21*o + 77. Calculate the remainder when h(-4) is divided by 68.
49
Suppose 0*u + 4*m - 2 = 2*u, -3*u = 3*m - 24. Calculate the remainder when 14 is divided by u.
4
Suppose 0*m = m - 5*v + 7, 8 = 4*v. Let k(p) be the third derivative of 5*p**4/24 - p**3 + 2*p**2. Calculate the remainder when k(m) is divided by 5.
4
Suppose 4*y - 5*p = -18, 2*p + 10 = -2*y + 5*p. Calculate the remainder when 73 is divided by -15*y/(-4)*-2.
13
Let a(n) = n**3 - 44*n**2 + 52*n - 174. Calculate the remainder when a(43) is divided by 27.
24
Let z(f) = -f + 9. Let c be z(4). Let j(y) = y**3 - 4*y**2 + 7*y + 4. Calculate the remainder when j(c) is divided by 13.
12
Let a = -1 + 5. Suppose a*b = 9 + 7. Suppose -b*d + 170 = d. What is the remainder when d is divided by 12?
10
Let d = 5 + -10. What is the remainder when (24 - 8) + (-2 - d) is divided by 5?
4
Calculate the remainder when (-6)/(-12)*1*262 is divided by 28*3/6 + -3.
10
Suppose -32*x = -27*x - 225. What is the remainder when x is divided by 13?
6
Let b = 1144 - 1131. Calculate the remainder when 75 is divided by b.
10
Suppose 2*l + 1 = -i - 2*i, 4*i + 28 = 4*l. Suppose 5*d = m - 19 + 6, -l = -4*m - 4*d. Let r(z) = z + 5. What is the remainder when 13 is divided by r(m)?
5
Let n = 15 + -11. Let d = 9 - 4. Suppose n*l + 23 = d*l. What is the remainder when 89 is divided by l?
20
Let x(l) = l**2 + 10*l + 8. Let t be x(-6). Suppose 0 = 5*a - 3*o + 40, 3*o - 24 = 4*a - o. Let y = a - t. Calculate the remainder when 13 is divided by y.
3
Let m(f) = -8*f**2 - 3*f - 2. Let h be m(-1). Suppose 0 = -w - 2*w + 45. Calculate the remainder when 86 + h + w/5 is divided by 28.
26
Calculate the remainder when 113 is divided by (8/(24/9))/((-9)/(-30)).
3
Let d = 554 - 368. Suppose 7*a = -55*a + 1054. Calculate the remainder when d is divided by a.
16
Suppose -20 = 5*r, -3 = -2*h + r + 31. Let o = h + -20. Let j = 16 + o. Calculate the remainder when 20 is divided by j.
9
Suppose 4*x + 7 = -2*j + 3, 4*x = 2*j - 4. Suppose -2*u + 5*t - 16 = j, -3*u + 3*t = -0 + 6. What is the remainder when 0/(u - 1) + 46 is divided by 16?
14
Let v(k) = -k**3 + 5*k**2 - 2*k - 4. Let n be v(4). Suppose -n*a + 7*a + 18 = 0. Calculate the remainder when (-201)/a + (-2)/4 is divided by 18.
15
Let p = 26 + -21. Suppose m = -p*m + 48. Calculate the remainder when 21 is divided by m.
5
Suppose 0 = 3*u - 19 + 4. Suppose -f + 24 = u*f. Let r = 11 + f. What is the remainder when 27 is divided by r?
12
Suppose -4*l + 37 - 5 = 0. Let u = -3 + l. What is the remainder when 16 - (-2 - (-3)/3) is divided by u?
2
Let z(u) = 2 - 4*u + 5 - 8. Let w be z(-2). Let h(o) = o**2 - 5*o - 8. What is the remainder when 15 is divided by h(w)?
3
Let n(j) = -13*j + 4 + 2 - 3 + 15*j. Calculate the remainder when 145 is divided by n(17).
34
Let f(o) = -16*o - 142. Calculate the remainder when f(-15) is divided by 23.
6
Suppose -8*x = -x - 14. Suppose x*k = -3*d - 0*k + 164, d - 3*k = 40. Calculate the remainder when d is divided by 18.
16
Suppose -i + 5*b + 453 = 0, -i - 173 = 2*b - 598. Calculate the remainder when 2/7*(i + -6) is divided by 31.
29
Suppose 0 = -2*n - n + 42. Suppose -92 + 532 = 5*w. Let u = 93 - w. What is the remainder when n is divided by u?
4
Calculate the remainder when (1695/5)/(24/40) is divided by 27.
25
Let i(s) = -2*s + 93. Calculate the remainder when 80 is divided by i(36).
17
Suppose 5*m + 2*v = 50, -2*m - 5*v + 3 = 4. Calculate the remainder when 6 is divided by m/12 + 3 + -1.
0
Suppose -21*c = -441 - 273. What is the remainder when c is divided by 11?
1
Let z(h) = h**3 - 13*h**2 + 40*h - 11. What is the remainder when 108 is divided by z(9)?
8
Let c(v) = -v**2 + 51*v - 170. Calculate the remainder when 304 is divided by c(47).
16
Let h(r) be the first derivative of 2*r**3/3 - 3*r**2/2 + r - 17. Let b be 7/28 + (-22)/(-8). What is the remainder when 28 is divided by h(b)?
8
Suppose -12*m = -15*m + 162. What is the remainder when m is divided by 14/(-3*1/(-6))?
26
Let k(l) = -l**3 - 3*l**2 + 1. Let t be k(-1). What is the remainder when 13 is divided by t/((-3)/15) + 0?
3
Suppose 0 = 12*i - 9*i + 72. Calculate the remainder when i/(-168) + (-251)/(-7) is divided by 10.
6
Suppose 3*k - 870 - 201 = -3*f, -349 = -f - 5*k. What is the remainder when f is divided by 91?
86
Let w = -50 + 81. Calculate the remainder when 214 is divided by w.
28
Let h = 128 + -86. Calculate the remainder when h is divided by 2/(-5) - (-77)/5.
12
Suppose 3*z - 56 = 55. What is the remainder when z is divided by -6 - 816/(-132) - 324/(-33)?
7
Let t(c) = 13*c - 18. Let u be t(5). Let o = -24 + u. Calculate the remainder when 90 is divided by o.
21
Suppose 0*u = -3*u + 114. Calculate the remainder when 56 is divided by u.
18
Suppose g + 0*g = 3. Suppose -2*q + n = -g, 0*q + 6 = -3*q + 5*n. What is the remainder when 19 is divided by q?
1
Let r be -5*((-220)/(-25) + -4). Let g be (-2)/(2/r*3). Suppose 0*w - 50 = -2*d - 5*w, 0 = 4*w + g. Calculate the remainder when d is divided by 8.
6
Let w(b) = -b**3 - 15*b**2 + 51*b + 18. Calculate the remainder when w(-18) is divided by 40.
32
Let t(o) = 3 - 5 + 9*o + 3 + 2. Let x be t(5). What is the remainder when 39 is divided by (15/4)/(18/x)?
9
Let p = 436 + 43. Calculate the remainder when p is divided by 13.
11
Suppose 7*r - 2*r + 45 = 0. Let z = r - -52. What is the remainder when 169 is divided by z?
40
Let k(m) = -968*m + 1167. Suppose 4*z = -3*n + 169, 5*n + 8 - 23 = 0. Calculate the remainder when k(1) is divided by z.
39
Suppose -222*f + 225*f - b - 1128 = 0, 3*b = -9. What is the remainder when f is divided by 42?
39
Let d = 198 + -174. What is the remainder when 237 is divided by d?
21
Let p be (8/2 + -5)*0. Suppose -4*d + 23 = v, 4*v + p*d = -d + 17. Let o = v - -7. Calculate the remainder when o is divided by 3.
1
Let w(j) = j - 1. Let u = -19 + 23. Suppose 3*n = -3, 61 = u*o - 0*o - 5*n. What is the remainder when o is divided by w(6)?
4
Let s be (-2784)/108 + (-2)/9. What is the remainder when s + 90 - (1 + 0)*1 is divided by 32?
31
Let p be 260/45 - (-4)/18. Calculate the remainder when -54*(-1 + -2)/p is divided by 10.
7
Suppose -11 = -v - 0*v. Let n = 15 + -14. Let c = v - n. Calculate the remainder when 19 is divided by c.
9
Let i = 596 - 491. Calculate the remainder when 1362 is divided by i.
102
Let q = -1160 + 1197. Let t = 36 - 22. Calculate the remainder when q is divided by t.
9
Suppose -5*u - 5 = 10, -2*k = -2*u - 416. What is the remainder when k is divided by 52?
49
Let t = -45 + 42. Calculate the remainder when (-1)/(-3)*0 - (t + -62) is divided by 34.
31
Suppose -4*f - 2 + 54 = 0. Suppose 2*i - 43 = f. What is the remainder when i is divided by 8?
4
Suppose -6*x + 11 = -103. What is the remainder when 135 is divided by x?
2
Let h = 66 + -18. Let l = -119 - -145. What is the remainder when h is divided by l?
22
Suppose 0 = -14*q - 253 + 757. Calculate the remainder when 44 is divided by q.
8
Let j(p) = 3*p + 1. Suppose 5*u = 2 + 3. Let a be j(u). What is the remainder when a - 5 - 42/(-1) is divided by 11?
8
Suppose -26*l + 22*l = -80. Calculate the remainder when l is divided by 12.
8
Suppose 788*f - 796*f + 1816 = 0. What is the remainder when f is divided by 9?
2
Let a(x) = -x**2 - 4*x - 15. Let d(z) = -5*z - 15. Let o(y) = -2*a(y) + 3*d(y). Calculate the remainder when o(11) is divided by 8.
6
Suppose -3*o = 4*l - 65 - 137, 3*l = 12. Calculate the remainder when 303 is divided by o.
55
Suppose 0 = -q + 3*p + 2*p + 45, 0 = -5*q + 4*p + 120. What is the remainder when -4*55*(-5)/q is divided by 19?
17
Let n(q) = -q + 11. Let c be n(9). Suppose 23 + 65 = 4*t - 2*k, -2*k - 46 = -c*t. What is the remainder w